{"id":32,"date":"2013-03-22T15:42:13","date_gmt":"2013-03-22T14:42:13","guid":{"rendered":"http:\/\/www.multiker.hu\/?page_id=32"},"modified":"2024-01-09T14:38:40","modified_gmt":"2024-01-09T13:38:40","slug":"arjegyzek","status":"publish","type":"page","link":"https:\/\/www.multiker.hu\/?page_id=32","title":{"rendered":"\u00c1rjegyz\u00e9k &#8211; T\u00e1rhely szolg\u00e1ltat\u00e1s"},"content":{"rendered":"<h3><strong>T\u00e1rhely a Kereskedelmi Rendszer 2007 \u00e9s FOGEG NET valamint Munkabiztons\u00e1gi programjaink r\u00e9sz\u00e9re<\/strong><\/h3>\n<p>Ezzel a kieg\u00e9sz\u00edt\u0151szolg\u00e1ltat\u00e1ssal ONLINE m\u00f3dban haszn\u00e1lhat\u00f3k rendszereink a vil\u00e1g b\u00e1rmely r\u00e9sz\u00e9r\u0151l, interneten kereszt\u00fcl.<\/p>\n<p>6.000,- \/h\u00f3\/licenc (tov\u00e1bbi licencekre 50% kedvezm\u00e9ny)<br \/>\n<strong>&#8211; sokfelhaszn\u00e1l\u00f3s esetben egyedi aj\u00e1nlatot adunk &#8211;<\/strong><\/p>\n<p><em>K\u00e9szletkezel\u00e9s n\u00e9lk\u00fcli programv\u00e1ltozat, b\u00e9rleti konstrukci\u00f3ban nagy kedvezm\u00e9nyekkel!<\/em><\/p>\n<h3><strong>Web-hosting (Hely biztos\u00edt\u00e1sa a multiker.hu szerveren) A szerz\u0151d\u00e9sminta a let\u00f6lt\u00e9s oldalon hozz\u00e1f\u00e9rhet\u0151.<\/strong><\/h3>\n<p>Optim\u00e1lis csomag 1GB t\u00e1rhely + max. 10db E-mail c\u00edm + 1 .hu domain fenntart\u00e1sa + MySQL + PHP + WebMail + MailAdmin + max. 10 aldomain<br \/>\n4.500,- \/ negyed\u00e9v<br \/>\n15.000,- \/ \u00e9v (el\u0151re fizetve)<\/p>\n<p>E-mail c\u00edm @multiker.hu v\u00e9ggel:<br \/>\n1.500,- \/\u00e9v<\/p>\n<h3><strong>SMTP szolg\u00e1ltat\u00e1s:<\/strong><\/h3>\n<p>SMTP szolg\u00e1ltat\u00e1sunkat az al\u00e1bbi esetekben aj\u00e1nljuk \u00fcgyfeleinknek:<br \/>\n&#8211; az internet szolg\u00e1ltat\u00f3ja nem biztos\u00edt SMTP szolg\u00e1ltat\u00e1st lev\u00e9lk\u00fcld\u00e9shez<br \/>\n&#8211; k\u00fcl\u00f6nb\u00f6z\u0151 helysz\u00ednekr\u0151l szeretne levelezni: irod\u00e1b\u00f3l, otthoni internetes v\u00e9gpontr\u00f3l, sz\u00e1llod\u00e1b\u00f3l, ingyenes WiFi hotspotr\u00f3l, &#8230;<br \/>\n&#8211; IMAP haszn\u00e1lata b\u00e1rhonnan.<br \/>\nA hordozhat\u00f3 sz\u00e1m\u00edt\u00f3g\u00e9pet vagy okostelefont haszn\u00e1l\u00f3knak nagyon fontos, hogy b\u00e1rhonnan, b\u00e1rmilyen internetkapcsolatr\u00f3l el tudj\u00e1k k\u00fcldeni leveleiket csal\u00e1djuknak, bar\u00e1taiknak, \u00fczletfeleiknek.<\/p>\n<p>SMTP csomag d\u00edja: 12.000,- \/ \u00e9v (egy emailc\u00edmre, el\u0151re fizetve)<br \/>\nExtra SMTP csomag d\u00edja: 3.500,- \/ h\u00f3 (t\u00f6bb emailc\u00edmre, max. 15000 lev\u00e9l k\u00fcld\u00e9se havonta)<\/p>\n<p><strong>A fenti \u00e1rak az \u00c1ltal\u00e1nos Forgalmi Ad\u00f3t <span style=\"text-decoration: underline;\">nem<\/span> tartalmazz\u00e1k!<br \/>\nJelenleg a program elad\u00e1sokat \u00e9s \u00fczemeltet\u00e9si d\u00edjakat \u00e1famentes form\u00e1ban sz\u00e1ml\u00e1zzuk.<br \/>\n<\/strong><\/p>\n","protected":false},"excerpt":{"rendered":"<p>T\u00e1rhely a Kereskedelmi Rendszer 2007 \u00e9s FOGEG NET valamint Munkabiztons\u00e1gi programjaink r\u00e9sz\u00e9re Ezzel a kieg\u00e9sz\u00edt\u0151szolg\u00e1ltat\u00e1ssal ONLINE m\u00f3dban haszn\u00e1lhat\u00f3k rendszereink a vil\u00e1g b\u00e1rmely r\u00e9sz\u00e9r\u0151l, interneten kereszt\u00fcl. 6.000,- \/h\u00f3\/licenc (tov\u00e1bbi licencekre 50% kedvezm\u00e9ny) &#8211; sokfelhaszn\u00e1l\u00f3s esetben egyedi aj\u00e1nlatot adunk &#8211; K\u00e9szletkezel\u00e9s n\u00e9lk\u00fcli &hellip;<\/p>\n<p class=\"read-more\"> <a class=\"more-link\" href=\"https:\/\/www.multiker.hu\/?page_id=32\"> <span class=\"screen-reader-text\">\u00c1rjegyz\u00e9k &#8211; T\u00e1rhely szolg\u00e1ltat\u00e1s<\/span> Tov\u00e1bb &raquo;<\/a><\/p>\n","protected":false},"author":1,"featured_media":0,"parent":0,"menu_order":0,"comment_status":"closed","ping_status":"closed","template":"","meta":{"footnotes":""},"class_list":["post-32","page","type-page","status-publish","hentry"],"_links":{"self":[{"href":"https:\/\/www.multiker.hu\/index.php?rest_route=\/wp\/v2\/pages\/32","targetHints":{"allow":["GET"]}}],"collection":[{"href":"https:\/\/www.multiker.hu\/index.php?rest_route=\/wp\/v2\/pages"}],"about":[{"href":"https:\/\/www.multiker.hu\/index.php?rest_route=\/wp\/v2\/types\/page"}],"author":[{"embeddable":true,"href":"https:\/\/www.multiker.hu\/index.php?rest_route=\/wp\/v2\/users\/1"}],"replies":[{"embeddable":true,"href":"https:\/\/www.multiker.hu\/index.php?rest_route=%2Fwp%2Fv2%2Fcomments&post=32"}],"version-history":[{"count":20,"href":"https:\/\/www.multiker.hu\/index.php?rest_route=\/wp\/v2\/pages\/32\/revisions"}],"predecessor-version":[{"id":1421,"href":"https:\/\/www.multiker.hu\/index.php?rest_route=\/wp\/v2\/pages\/32\/revisions\/1421"}],"wp:attachment":[{"href":"https:\/\/www.multiker.hu\/index.php?rest_route=%2Fwp%2Fv2%2Fmedia&parent=32"}],"curies":[{"name":"wp","href":"https:\/\/api.w.org\/{rel}","templated":true}]}}